.
29
Let d(v) = -v**3 + v**2 + 60*v + 156. Determine d(-5).
6
Let z(h) = 6*h - 118. Calculate z(19).
-4
Let n(f) = -2*f - 87. Give n(0).
-87
Let d(u) = u + 11. Calculate d(-26).
-15
Let y(m) = 2*m + 17. What is y(-4)?
9
Let d(p) = -p**2 + p + 5. Calculate d(4).
-7
Let i(k) = 16*k**2 - 2*k. Calculate i(1).
14
Let q(x) = x**3 - 24*x**2 - 81*x - 21. What is q(27)?
-21
Let u(m) = -m**3 - 8*m**2 + 5*m + 10. Give u(-5).
-90
Let o(n) = 30*n**3 - n**2 - 3*n - 1. Determine o(-1).
-29
Let d(w) = w**3 - 9*w**2 - 13*w + 19. Give d(9).
-98
Let x(q) = q**2 + 2*q - 25. Give x(-7).
10
Let c(g) = 22*g + 139. What is c(-6)?
7
Let w(h) = h**2 + 7*h - 12. What is w(-9)?
6
Let m(j) = -j**2 + 11*j - 3. Determine m(10).
7
Let l(t) = -t**3 + 11*t**2 - 17*t. Calculate l(8).
56
Let b(k) = k**2 - 12*k - 27. Determine b(10).
-47
Let r(t) = 9*t + 1. Calculate r(-4).
-35
Let h(x) = 40*x - 3. Give h(-1).
-43
Let z(c) = c - 22. Give z(9).
-13
Let p(f) = f**3 + 2*f**2 + f - 1. Calculate p(-3).
-13
Let a(r) = 75*r**2 + 5*r - 6. Determine a(1).
74
Let s(f) = 6*f. Calculate s(-2).
-12
Let z(x) = -6*x + 54. Give z(10).
-6
Let p(b) = 16*b**2 + 5*b. Calculate p(-2).
54
Let k(d) = -2*d + 5. What is k(-4)?
13
Let f(t) = t - 2. Give f(9).
7
Let q(o) = -2*o**3 + o**2 + o - 1. What is q(-1)?
1
Let l(n) = n**3 + 10*n**2 + 11*n + 7. Give l(-9).
-11
Let m(x) = -x + 3. Give m(12).
-9
Let p(t) = -3*t**2 - 23*t + 59. Calculate p(-10).
-11
Let v(k) = -k**3 - k - 5. Determine v(0).
-5
Let r(l) = -l**2 - 3*l - 7. Give r(-7).
-35
Let s(q) = -q + 2. Calculate s(5).
-3
Let c(p) = 2*p**2 + 48*p - 50. What is c(-25)?
0
Let b(q) = -q**3 - 8*q**2 - 3*q. Calculate b(-8).
24
Let z(k) = 338*k - 6. Calculate z(0).
-6
Let h(w) = w**2 - 10*w - 7. Calculate h(11).
4
Let h(a) = -6*a. Give h(3).
-18
Let d(r) = r - 54. Calculate d(60).
6
Let s(i) = -14*i + 22. What is s(3)?
-20
Let i(x) = 7*x**2 - 9*x + 14. What is i(4)?
90
Let c(s) = -2*s**3 - 7*s**2 + 3*s - 5. Calculate c(-4).
-1
Let k(m) = m**3 + 18*m**2 - 12. Give k(-18).
-12
Let y(l) = 2*l + 4. What is y(-7)?
-10
Let b(o) = -3*o - 17. Determine b(-11).
16
Let u(a) = a - 23. Calculate u(15).
-8
Let d(o) = o**2 - 2*o - 16. Give d(7).
19
Let n(b) = b**3 - b**2 + 2*b - 1. Determine n(1).
1
Let m(t) = -t**3 + 9*t**2 + 3*t + 12. Give m(9).
39
Let w(t) = -t + 23. Give w(11).
12
Let v(u) = -8*u + 9. What is v(-4)?
41
Let z(w) = -w**2 - 4*w - 25. What is z(-3)?
-22
Let g(m) = m**3 - m**2 + 3*m - 2. Give g(2).
8
Let u(a) = -a**3 - 9*a**2 - 9*a + 8. Calculate u(-7).
-27
Let l(h) = 2*h - 13. Give l(-11).
-35
Let t(o) = -4*o + 11. Give t(2).
3
Let c(b) = 28*b**2 + b - 1. Give c(1).
28
Let i(u) = u**3 + 9*u**2 + 6*u + 10. Give i(-8).
26
Let n(q) = q**3 + 5*q**2 + 6. Give n(-5).
6
Let o(b) = b - 86. Calculate o(15).
-71
Let o(u) = 2*u**2 - 16*u + 20. Determine o(7).
6
Let d(y) = y + 8. Give d(5).
13
Let n(q) = -7*q - 3. Determine n(2).
-17
Let m(x) = -2*x + 9. Determine m(9).
-9
Let z(d) = -12*d + 75. Determine z(6).
3
Let y(a) = -a**2 + 4*a - 5. Determine y(6).
-17
Let p(z) = -z**3 - 6*z**2 + 21*z - 6. Determine p(-9).
48
Let q(c) = -c + 12. Calculate q(-26).
38
Let y(h) = 2*h + 30. Calculate y(-17).
-4
Let p(w) = -w**3 - 16*w**2 + 20*w - 12. Calculate p(-17).
-63
Let m(i) = i**2 - 11*i + 5. Determine m(9).
-13
Let v(o) = 2*o**2 - 10*o - 3. Calculate v(6).
9
Let u(s) = 12*s**2 - 3*s + 11. What is u(2)?
53
Let n(g) = g**3 - 2*g - 2. Calculate n(-3).
-23
Let l(f) = 27*f - 9. Determine l(2).
45
Let v(g) = g**2 + g + 21. What is v(0)?
21
Let o(x) = -2*x**2 - 2*x. What is o(-2)?
-4
Let o(c) = c**2 + 18*c + 79. Calculate o(-6).
7
Let y(i) = -7*i - 2. Give y(-5).
33
Let k(v) = 12*v**3 + 2*v**2 + 2*v + 1. What is k(-1)?
-11
Let u(x) = 3*x + 1. Determine u(3).
10
Let c(m) = m**3 + 7*m**2 + 13*m + 10. Determine c(-4).
6
Let a(z) = z**3 + 16*z**2 - 16*z + 11. Determine a(-17).
-6
Let r(l) = 2*l - 4. What is r(-2)?
-8
Let l(x) = -2*x**2 + 51*x + 89. Give l(27).
8
Let a(g) = -3*g + 4. Give a(-6).
22
Let q(n) = n**3 + 12*n**2 - 4*n - 48. Give q(-12).
0
Let b(y) = y**2 + 17*y - 8. What is b(-18)?
10
Let j(y) = 6*y**2 - 3*y - 2. Calculate j(-1).
7
Let m(u) = -u**3 - 4*u**2 + 14*u - 6. Calculate m(-7).
43
Let s(b) = 2*b**2 + 11*b - 23. Give s(-7).
-2
Let g(f) = -17*f - 6. Determine g(6).
-108
Let b(w) = -4*w - 18. What is b(-8)?
14
Let g(t) = t**2 + 22*t + 22. Determine g(-21).
1
Let z(k) = -3*k**2 - 5*k + 16. What is z(2)?
-6
Let c(v) = v**2 + 12*v + 2. What is c(-12)?
2
Let h(n) = 3*n**2 + 24*n + 16. Determine h(-8).
16
Let q(b) = 4*b + 20. Give q(-4).
4
Let z(d) = d**3 - 10*d**2 + 11*d - 8. Calculate z(8).
-48
Let x(w) = 8*w + 38. What is x(-5)?
-2
Let u(m) = -2*m**3 - 20*m**2 - 15*m - 5. Calculate u(-9).
-32
Let k(n) = 52*n - 10. Determine k(3).
146
Let m(j) = -j**3 + 7*j**2 - 5*j + 5. Give m(6).
11
Let v(l) = -l**2 - 12*l - 10. Calculate v(-11).
1
Let w(x) = 7*x + 15. Calculate w(-7).
-34
Let p(k) = -k**3 + k**2 + 15*k - 18. Determine p(4).
-6
Let p(h) = 2*h + 5. Calculate p(14).
33
Let l(t) = -t**2 - 3*t + 4. Give l(5).
-36
Let x(q) = -8*q**2 + 37*q + 5. What is x(5)?
-10
Let l(k) = k**3 + 3*k**2 - 3*k + 5. What is l(2)?
19
Let n(f) = f**3 + 29*f**2 + 120*f - 2. What is n(-24)?
-2
Let f(j) = j**2 + 5*j - 5. What is f(-5)?
-5
Let m(r) = 11*r**3 - r**2 - r + 2. Give m(-2).
-88
Let f(h) = -h**2 + 13*h + 229. Determine f(23).
-1
Let b(q) = 24*q - 263. Determine b(11).
1
Let p(g) = -28*g + 202. What is p(8)?
-22
Let z(u) = 24*u - 105. What is z(3)?
-33
Let h(g) = g**3 + 16*g**2 + 35*g + 15. Calculate h(-14).
-83
Let w(l) = -l**2 + 9*l + 16. What is w(10)?
6
Let m(z) = z**2 + 9*z + 5. What is m(-7)?
-9
Let x(u) = -2*u - 1. Determine x(-5).
9
Let c(q) = -19*q**2 - 2*q. Give c(1).
-21
Let h(p) = -p**2 - 52*p - 666. Calculate h(-22).
-6
Let q(i) = -i**2 + 11*i - 25. Calculate q(6).
5
Let m(v) = -v**2 + v + 15. Give m(-4).
-5
Let m(h) = -h**3 + 3*h**2 + 19*h - 13. Determine m(6).
-7
Let m(v) = v**3 - 12*v**2 + 22*v - 15. Give m(10).
5
Let h(o) = 59*o**2 - 471*o - 3. Give h(8).
5
Let s(b) = 2*b**2 - 4*b - 11. Give s(6).
37
Let f(h) = -4*h - 109. Calculate f(-26).
-5
Let n(f) = -2*f**2 - 39*f - 1. What is n(-20)?
-21
Let n(z) = 6*z**3 + 19*z**2 + 20*z. Calculate n(-1).
-7
Let q(l) = 3*l - 10. Calculate q(2).
-4
Let z(j) = -j**3 + 9*j**2 - 9*j + 10. Determine z(8).
2
Let k(f) = f + 43. Determine k(-20).
23
Let a(u) = -u**3 - 7*u**2 - 4*u + 4. What is a(-6)?
-8
Let s(y) = y**3 + 5*y**2 + 2*y + 4. Calculate s(-5).
-6
Let q(t) = -t**2 + 62*t - 429. Give q(8).
3
Let s(h) = 5*h + 9. Give s(-2).
-1
Let v(s) = s + 26. What is v(-17)?
9
Let f(z) = -z**3 + 7*z**2 - 8*z - 6. Calculate f(4).
10
Let c(o) = o**3 - 6*o - 3. What is c(-4)?
-43
Let n(b) = 2*b - 54. Determine n(29).
4
Let h(i) = i**3 - 5*i**2 - 7*i + 4. Give h(6).
-2
Let m(i) = -2*i - 2. Determine m(3).
-8
Let h(l) = -l**2 - 5*l - 1. Give h(-10).
-51
Let f(b) = -b**3 + 12*b**2 - 7*b - 27. Give f(11).
17
Let t(y) = -3*y - 14. Give t(3).
-23
Let g(a) = -a**3 - 2*a**2 + 3*a + 1. Determine g(-3).
1
Let g(d) = -d**2 - 3*d + 8. Calculate g(-4).
4
Let z(n) = -3*n**2 - 10*n - 6. Give z(-4).
-14
Let u(a) = a**2 + 13*a - 12. What is u(-15)?
18
Let s(j) = j**3 - 15*j**2 - 16*j - 2. Give s(16).
-2
Let p(s) = 2*s**2 - 2. Calculate p(-3).
16
Let r(p) = 7*p - 2. What is r(-2)?
-16
Let r(c) = c**3 - 9*c**2 + 5*c + 9. Calculate r(8).
-15
Let q(t) = t**2 + 2*t - 9. What is q(-7)?
26
Let w(m) = 3*m**2 + 42*m - 6. What is w(-14)?
-6
Let v(b) = -b**2 - 2*b + 15. Determine v(-4).
7
Let f(w) = -w - 11. Give f(12).
-23
Let l(i) = 4*i + 26. Give l(-8).
-6
Let k(s) = -24*s - 31. Calculate k(-2).
17
Let c(m) = 2*m**2 - 9*m - 7. What is c(-1)?
4
Let i(f) = -f**2 - 4*f + 5. Calculate i(2).
-7
Let m(l) = -3*l + 8. Give m(-12).
44
Let b(v) = -v**3 + 11*v**2 + 2*v + 7. Give b(11).
29
Let s(v) = -2*v**2 - 20*v - 45. Calculate s(-8).
-13
Let q(p) = -p**3 - 20*p**2 + 22*p + 19. Calculate q(-21).
-2
Let t(w) = w**3 - 28*w**2 + 77*w - 35. Determine t(25).
15
Let u(y) = -14*y + 26. What is u(2)?
-2
Let u(z) = -z**3 + 9*z**2 + 10*z - 4. Determine u(10).
-4
Let k(w) = -2*w**2 - 2*w - 76. Determine k(0).
-76
Let u(i) = 6*i**3 - i. What is u(-1)?
-5
Let b(w) = -w**3 + 5*w**2 + 3*w + 10. Calculate b(5).
25
Let c(n) = -6*n + 117. Determine c(16).
21
Let t(f) = f**3 + 7*f**2 - 5*f - 